) = b**3 + 11*b**2 - 14. Give k(-11).
-14
Let v(s) = s**2 + 19*s - 24. Calculate v(-21).
18
Let t(z) = z**2 + 2*z - 7. Determine t(2).
1
Let w(d) = 84*d**2 + 3*d + 1. Calculate w(-1).
82
Let o(d) = -d**3 - 7*d**2 + 33*d + 28. Give o(-10).
-2
Let o(z) = z**3 - 11*z**2 - 12*z + 23. Calculate o(12).
23
Let s(v) = -v**2 + 9*v - 9. What is s(7)?
5
Let h(q) = 11*q + 27. Give h(-4).
-17
Let g(f) = -f**3 - 5*f**2 + 15*f - 10. Determine g(-7).
-17
Let a(l) = -l - 11. Calculate a(5).
-16
Let g(k) = k**2 - 10*k - 24. What is g(11)?
-13
Let t(j) = -j - 13. Give t(-11).
-2
Let t(m) = m**3 - 11*m**2 + 9*m - 11. Calculate t(10).
-21
Let c(o) = -19*o**2 + o. What is c(-1)?
-20
Let l(g) = g**3 + 4*g**2 - 24*g - 8. Calculate l(-7).
13
Let h(s) = 9*s**2 + 4*s - 13. Determine h(2).
31
Let v(c) = 23*c + 111. Determine v(-5).
-4
Let l(u) = u**2 - 13*u + 13. What is l(12)?
1
Let s(n) = n - 9. What is s(-4)?
-13
Let l(v) = v**3 + 24*v**2 + 19*v - 98. Determine l(-23).
-6
Let h(w) = -50*w**3 - w**2 - 2*w - 2. Determine h(-1).
49
Let m(r) = -2*r**2 + 12*r - 6. Calculate m(7).
-20
Let t(m) = 2*m - 17. Calculate t(7).
-3
Let q(v) = 2*v - 28. Calculate q(12).
-4
Let x(c) = c + 4. What is x(7)?
11
Let r(v) = v**2 - v + 2. What is r(3)?
8
Let q(b) = -b**3 - 29*b**2 - 25*b + 70. Give q(-28).
-14
Let n(a) = -a**2 + 12*a + 7. Determine n(9).
34
Let h(r) = -21*r + 1. What is h(1)?
-20
Let b(o) = o**3 - 7*o**2 - o - 11. Determine b(7).
-18
Let r(w) = w**2 - 2*w + 6. Calculate r(0).
6
Let t(c) = -32*c**3 - c - 1. Calculate t(-1).
32
Let s(o) = -o**3 - 2*o**2 + 13. Determine s(0).
13
Let m(q) = -q**2 + 16*q - 30. What is m(14)?
-2
Let w(b) = b**3 - 6*b**2 - 4*b + 9. Calculate w(6).
-15
Let n(s) = -s**3 + 4*s**2 + 2*s - 8. What is n(4)?
0
Let m(o) = 34*o - 21. What is m(-2)?
-89
Let g(r) = r**3 + 8*r**2 + 3*r - 17. What is g(-7)?
11
Let k(p) = -7*p**2 - 2*p + 1. Determine k(-2).
-23
Let o(i) = -i**3 - 8*i**2 - 14*i - 6. Determine o(-6).
6
Let a(z) = z**2 + 24*z + 147. Calculate a(-18).
39
Let u(m) = 2*m**2 + 37*m + 164. Calculate u(-7).
3
Let d(h) = 20*h + 504. What is d(-25)?
4
Let x(s) = -2*s**2 - 44*s + 45. What is x(-23)?
-1
Let u(x) = -10*x - 100. Determine u(-8).
-20
Let g(v) = v**3 + 11*v**2 + 9*v - 22. Give g(-10).
-12
Let m(f) = -f**3 - 12*f**2 + 16*f + 11. Calculate m(-13).
-28
Let l(j) = -j**2 + 6*j - 10. Calculate l(6).
-10
Let x(a) = -8*a + 30. Give x(13).
-74
Let k(c) = 3*c - 17. Determine k(2).
-11
Let p(g) = 8*g + 285. Determine p(-38).
-19
Let b(i) = 2*i**2 - 10*i - 24. Determine b(-2).
4
Let f(s) = s**3 + 2*s**2 - 18*s - 10. Determine f(-5).
5
Let u(y) = 27*y**3 - 2*y - 1. Determine u(-1).
-26
Let k(u) = u**2 - 5*u + 5. Give k(5).
5
Let i(g) = -g + 17. Give i(5).
12
Let n(s) = -56*s**3 - 2*s + 1. Calculate n(1).
-57
Let b(u) = u**2 - 22*u + 41. Determine b(18).
-31
Let h(v) = -v - 3. Give h(-2).
-1
Let i(r) = 4*r + 48. What is i(-10)?
8
Let a(d) = 14*d**3 + 4*d - 4. What is a(2)?
116
Let z(o) = -o**2 + 7*o - 7. Calculate z(7).
-7
Let w(a) = a**3 - a**2 - 10*a + 29. Give w(2).
13
Let k(v) = 2*v + 5. What is k(-3)?
-1
Let t(z) = -39*z + 820. Give t(21).
1
Let h(p) = -3*p - 2. What is h(-9)?
25
Let c(z) = 12*z - 76. Give c(6).
-4
Let x(c) = 3*c**2 - c - 8. Determine x(-2).
6
Let b(u) = -2*u - 1. Determine b(-3).
5
Let q(d) = d**3 + 10*d**2 - 8*d - 5. Calculate q(-11).
-38
Let c(l) = -l - 24. Determine c(-17).
-7
Let l(j) = -12*j - 6. Calculate l(-2).
18
Let j(l) = l**2 - 9*l - 30. What is j(13)?
22
Let h(m) = -m - 8. What is h(-9)?
1
Let m(n) = n**2 - 6*n + 10. Calculate m(5).
5
Let f(s) = -s - 4. Determine f(-2).
-2
Let v(k) = -k**2 + 12*k + 7. Calculate v(13).
-6
Let q(h) = 24*h**3 + h**2. Give q(-1).
-23
Let u(v) = 12*v**2 - 49*v + 11. What is u(4)?
7
Let y(q) = 35*q**2 + 47*q + 47. Calculate y(-1).
35
Let d(t) = -2*t - 3. Determine d(-4).
5
Let u(f) = f**3 + 6*f**2 - 21*f - 124. Give u(-5).
6
Let l(h) = h**2 - 2*h + 4. Calculate l(-5).
39
Let f(w) = -w**2 + 10*w - 32. Calculate f(5).
-7
Let h(o) = o**2 - 7*o - 10. Calculate h(8).
-2
Let m(v) = v**2 + 17*v + 36. What is m(-9)?
-36
Let j(z) = 11*z - 73. Calculate j(6).
-7
Let p(v) = -54*v - 430. Determine p(-8).
2
Let a(b) = 21*b**3 - b. Determine a(1).
20
Let q(v) = v**3 - 6*v**2 + 3*v - 4. Determine q(5).
-14
Let k(m) = 5*m - 120. What is k(24)?
0
Let t(d) = d**3 + 11*d**2 - 12*d + 2. Give t(-12).
2
Let w(b) = 2*b**3 + 7*b**2 - 12*b - 10. Give w(-5).
-25
Let a(h) = -h**2 - 19*h - 71. Calculate a(-13).
7
Let f(m) = -2*m**2 + 63*m + 168. What is f(34)?
-2
Let n(g) = 4*g + 45. What is n(-11)?
1
Let m(h) = -h**2 + 8*h. Determine m(4).
16
Let b(s) = s**3 - 22*s + 9. Give b(4).
-15
Let g(i) = -9*i + 1. What is g(-8)?
73
Let i(a) = -3*a**2 - 2*a - 9. What is i(-4)?
-49
Let j(m) = m**2 - 13*m - 10. What is j(12)?
-22
Let p(s) = s**3 - 7*s**2 + 11*s + 9. Determine p(6).
39
Let l(k) = -6*k**2 + k - 2. What is l(1)?
-7
Let g(s) = 4*s**2 - 23*s + 2. Determine g(7).
37
Let j(a) = 2*a - 53. Calculate j(24).
-5
Let s(q) = -4*q**3 - 3*q**2 + q + 1. Determine s(-3).
79
Let y(t) = -10*t**2 + 5*t + 5. Give y(-3).
-100
Let z(d) = 2*d - 1. Calculate z(6).
11
Let l(b) = -9*b + 58. Calculate l(7).
-5
Let c(l) = 17*l - 135. Give c(8).
1
Let h(z) = z - 2. What is h(-7)?
-9
Let v(y) = 2*y**2 - 16*y + 7. Give v(8).
7
Let s(i) = i**3 + i**2 - 5*i - 3. Determine s(-2).
3
Let b(n) = n**3 + 8*n**2 + 12*n + 12. What is b(-6)?
12
Let c(r) = r**2 + 33*r + 107. Determine c(-30).
17
Let y(n) = -n**3 - 19*n**2 - 20*n - 41. Determine y(-18).
-5
Let o(w) = w**3 - w**2 + w + 31. What is o(0)?
31
Let w(g) = g**3 + 8*g**2 + 10*g + 11. Calculate w(-7).
-10
Let t(g) = 2*g**3 - 6*g**2 - 8*g + 28. Give t(3).
4
Let g(l) = l**2 + 11*l + 19. Give g(-8).
-5
Let f(v) = 5*v - 5. What is f(7)?
30
Let r(k) = k**3 - 8*k**2 - 3*k - 24. Calculate r(9).
30
Let z(s) = -s + 8. Determine z(1).
7
Let s(o) = 2*o - 4. What is s(-15)?
-34
Let n(k) = -k**3 + 4*k**2 - k - 3. Calculate n(3).
3
Let q(r) = -r**2 - 13*r - 26. Determine q(-11).
-4
Let y(u) = 6*u + 37. Give y(-4).
13
Let g(y) = -y**3 - 7*y**2 - 6*y + 2. Calculate g(-6).
2
Let q(v) = v**3 - 22*v**2 - 15. Determine q(22).
-15
Let c(r) = -2*r**2 + r + 2. What is c(-2)?
-8
Let u(d) = 42*d + 6. Give u(0).
6
Let o(t) = -7*t - 2. Determine o(-1).
5
Let z(a) = -a**3 - 3*a**2 + 10*a + 6. Give z(-4).
-18
Let h(n) = -n**3 + 4*n**2 + 10*n + 7. What is h(6)?
-5
Let q(s) = -10*s + 56. What is q(6)?
-4
Let h(t) = t**3 + 9*t**2 + 4*t + 33. Determine h(-9).
-3
Let x(d) = 2*d**2 + 62*d + 330. What is x(-7)?
-6
Let s(g) = -g**3 - 8*g**2 - 2*g + 9. Calculate s(-8).
25
Let y(v) = -34*v + 363. Determine y(11).
-11
Let i(g) = g**2 - 16*g - 2. Give i(16).
-2
Let d(g) = 23*g - 1. Determine d(-1).
-24
Let c(w) = -w**2 + 24*w - 186. Give c(12).
-42
Let y(b) = b. What is y(-16)?
-16
Let k(j) = j**3 + 17*j**2 - 19*j - 14. What is k(-18)?
4
Let i(v) = -v - 4. What is i(4)?
-8
Let j(h) = -h**3 + 5*h**2 - 3*h + 6. Calculate j(5).
-9
Let o(a) = a**3 - 4*a**2 - 6*a - 3. Calculate o(5).
-8
Let c(o) = 23*o + 212. Calculate c(-9).
5
Let r(c) = -c**3 - 5*c**2 - 2*c - 10. Determine r(-5).
0
Let g(w) = 2*w**3 + 11*w**2 + 5*w + 3. Determine g(-5).
3
Let r(m) = -m**3 + 17*m**2 - 32*m + 18. What is r(15)?
-12
Let r(c) = -2*c**2 - 6*c - 6. Give r(-3).
-6
Let s(j) = 2*j**3 - 14*j**2 + 5*j - 11. What is s(7)?
24
Let h(g) = -11*g**3 - g**2 - 4*g + 5. Calculate h(1).
-11
Let t(k) = -k**2 - 10*k + 640. What is t(21)?
-11
Let g(n) = n**3 - 5*n**2 - 5*n - 2. What is g(6)?
4
Let g(j) = j - 60. Determine g(25).
-35
Let l(z) = -z**3 - 8*z**2 - 7*z - 5. What is l(-7)?
-5
Let v(r) = -r**3 - 2*r**2 + 2*r - 1. Determine v(2).
-13
Let k(y) = y**2 - 10*y + 15. What is k(7)?
-6
Let a(d) = 2*d**2 - 19*d - 66. Calculate a(-3).
9
Let f(j) = j**2 + 6*j - 5. Give f(3).
22
Let u(w) = w**2 - w - 50. Determine u(8).
6
Let c(z) = -23*z**2 + 184*z + 4. Give c(8).
4
Let t(i) = -i**3 - 5*i**2 + 10*i + 5. Calculate t(-7).
33
Let f(i) = -i + 45. What is f(30)?
15
Let v(o) = -o**3 - 8*o**2 - 18*o - 13. Give v(-5).
2
Let x(n) = -n**3 - 3*n**2 + 2*n + 19. Calculate x(0).
19
Let m(j) = j**3 - 6*j**2 - 17*j - 9. Give m(8).
-17
Let d(s) = 19*s + 1. Give d(2).
39
Let b(g) = -g**3 + 8*g**2 + 5*g - 8. What is b(8)?
32
Let i(b) = b**2 - 8*b - 3. Give i(8).
-3
Let k(x) = x**3 - 2*x + 6. Calculate 